{"id":1461,"date":"2020-02-14T10:52:53","date_gmt":"2020-02-14T16:52:53","guid":{"rendered":"https:\/\/trainingcamp.pro\/wpsite\/?page_id=1461"},"modified":"2020-11-06T16:22:17","modified_gmt":"2020-11-06T22:22:17","slug":"ahorros-vitales-control-de-consumos-de-agua-en-planta","status":"publish","type":"page","link":"https:\/\/tc4p.com\/wpsite\/ahorros-vitales-control-de-consumos-de-agua-en-planta\/","title":{"rendered":"Ahorros Vitales: Control de Consumos de Agua en Planta"},"content":{"rendered":"\n<h3 class=\"wp-block-heading\">1. El Curso en breve (S010)<\/h3>\n\n\n\n<div class=\"wp-block-image\"><figure class=\"alignleft is-resized\"><a href=\"https:\/\/i0.wp.com\/trainingcamp.pro\/wpsite\/wp-content\/uploads\/2020\/02\/S010-20.png?ssl=1\"><img data-recalc-dims=\"1\" loading=\"lazy\" decoding=\"async\" src=\"https:\/\/i0.wp.com\/trainingcamp.pro\/wpsite\/wp-content\/uploads\/2020\/02\/S010-20-730x1024.png?resize=268%2C377&#038;ssl=1\" alt=\"\" class=\"wp-image-1470\" width=\"268\" height=\"377\"\/><\/a><\/figure><\/div>\n\n\n\n<p>El tema que tratamos a continuaci\u00f3n muestra de manera concentrada los puntos importantes que se deben considerar para poder medir, controlar y presentar propuestas para consumir eficientemente el agua dentro de sus procesos productivos y \u00e1reas de servicios, obteniendo como beneficios un consumo inteligente de este recurso tan vital en nuestro d\u00eda a d\u00eda,&nbsp;&nbsp;un desarrollo sostenible y siendo amigables con el medio ambiente.<\/p>\n\n\n\n<h3 class=\"wp-block-heading\">2. Objetivos<\/h3>\n\n\n\n<p><strong>Objetivo general:<\/strong><\/p>\n\n\n\n<p>Ahorro y uso inteligente: Con este curso el participante entender\u00e1 cual es la importancia que tiene el poder&nbsp;&nbsp;controlar los consumos de agua en su planta.&nbsp;&nbsp;Aprender\u00e1 cuales son los puntos importantes dentro de su sistema de agua, c\u00f3mo deben hacerse las mediciones e interpretar los resultados de \u00e9stas.&nbsp;&nbsp;Con estos conocimientos el participante podr\u00e1 implementar un plan de acci\u00f3n, con&nbsp;&nbsp;las propuestas que logre identificar para mejorar los consumos de agua en su&nbsp;planta y con ello la mejora en productividad de sus procesos productivos y \u00e1reas de servicios, siendo amigables con el medio ambiente.<\/p>\n\n\n\n<h3 class=\"wp-block-heading\">3. Contenidos<\/h3>\n\n\n\n<ol class=\"wp-block-list\"><li>Importancia de la implementaci\u00f3n de la Matriz H\u00eddrica para control de consumos de agua en su planta.<\/li><li>Identificar los puntos importantes de su sistema h\u00eddrico en planta.<\/li><li>Generar el balance de consumos h\u00eddricos del sistema en planta.<\/li><li>Elaborar el plan de medici\u00f3n de sus consumos h\u00eddricos en su planta.<\/li><li>Definir las propuestas para la reducci\u00f3n de consumos h\u00eddricos en su planta.<\/li><\/ol>\n\n\n\n<h3 class=\"wp-block-heading\">4. Dirigido a<\/h3>\n\n\n\n<p>La capacitaci\u00f3n es ideal para empresas que buscan ahorros a trav\u00e9s de la optimizaci\u00f3n del consumo de agua en sus procesos productivos y \u00e1reas de servicios, para ser amigables con el medio ambiente basados en la Norma ISO 14001:2015 y siendo energ\u00e9ticamente eficientes basados en la norma ISO 50001:2018&nbsp;<\/p>\n\n\n\n<p>El curso est\u00e1 dirigido a:<\/p>\n\n\n\n<ul class=\"wp-block-list\"><li>Gerentes y Jefes de producci\u00f3n<\/li><li>Gerentes y Jefes de mantenimiento<\/li><li>Gerentes y Responsables de los sistemas de gesti\u00f3n<\/li><li>Consultores Ambientales y Eficiencia Energ\u00e9tica<\/li><\/ul>\n\n\n\n<p>Nota: Curso introductorio que no requiere conocimientos previos en el tema.<\/p>\n\n\n\n<h3 class=\"wp-block-heading\">5. Adem\u00e1s &#8230;<\/h3>\n\n\n\n<ul class=\"wp-block-list\"><li>Training Certificate<\/li><li>Incluye material did\u00e1ctica<\/li><li>Catering en el evento en sede (6.2)<\/li><\/ul>\n\n\n\n<h3 class=\"wp-block-heading\">6. Duraci\u00f3n<\/h3>\n\n\n\n<ul class=\"wp-block-list\"><li>6.1 Implementaci\u00f3n\u00a0in-house en 2 d\u00edas \/ 16\u00a0horas<\/li><li>6.2 Implementaci\u00f3n en nuestro sede de capacitaciones\u00a0en 1,5 d\u00eda \/ 12\u00a0horas<\/li><\/ul>\n\n\n\n<h3 class=\"wp-block-heading\">Inscripci\u00f3n \/ Lugares y Fechas<\/h3>\n\n\n\n<ul class=\"wp-block-list\">\n<li>Presencial: En la <a href=\"https:\/\/tc4p.com\/wpsite\/agenda-presencial\/\" data-type=\"page\" data-id=\"134\"><strong><em>agenda<\/em><\/strong><\/a> se encuentran las fechas y lugares oficiales. El\u00a0<a rel=\"noreferrer noopener\" href=\"https:\/\/tc4p.com\/wpsite\/inscription.html\" target=\"_blank\"><strong><em>Formulario de Inscripci\u00f3n<\/em><\/strong><\/a>\u00a0le permite inscribirse en linea como participante en un curso presencial. <\/li>\n<\/ul>\n\n\n\n<p>Si este evento no aparece en ninguno de los dos paginas todav\u00eda no tiene fecha. Por favor comun\u00edquese con&nbsp;<a href=\"https:\/\/tc4p.com\/wpsite\/contacto\/\" data-type=\"page\" data-id=\"130\"><em><strong>nosotros<\/strong><\/em><\/a> para recibir m\u00e1s informaci\u00f3n, solicitar pedido especial o asistencia.<\/p>\n\n\n\n<p><strong><a href=\"https:\/\/tc4p.com\/wpsite\/agenda-presencial\/\" data-type=\"page\" data-id=\"134\"><em>Regresar a la Agenda<\/em><\/a><\/strong><\/p>\n","protected":false},"excerpt":{"rendered":"<p>1. El Curso en breve (S010) El tema que tratamos a continuaci\u00f3n muestra de manera concentrada los puntos importantes que se deben considerar para poder medir, controlar y presentar propuestas &#8230;<\/p>\n","protected":false},"author":1,"featured_media":0,"parent":0,"menu_order":0,"comment_status":"closed","ping_status":"closed","template":"","meta":{"nf_dc_page":"","sns_share_botton_hide":"","vkExUnit_sns_title":"","_vk_print_noindex":"","sitemap_hide":"","vkExUnit_sitemap":"","_veu_custom_css":"","veu_display_promotion_alert":"","_exclude_from_list_pages":"","vkexunit_cta_each_option":"","vkExUnit_childPageIndex":"","vkExUnit_pageList_ancestor":"","vkExUnit_contact_enable":"","footnotes":""},"class_list":["post-1461","page","type-page","status-publish","hentry"],"veu_head_title_object":{"title":"","add_site_title":""},"jetpack_sharing_enabled":true,"_links":{"self":[{"href":"https:\/\/tc4p.com\/wpsite\/wp-json\/wp\/v2\/pages\/1461","targetHints":{"allow":["GET"]}}],"collection":[{"href":"https:\/\/tc4p.com\/wpsite\/wp-json\/wp\/v2\/pages"}],"about":[{"href":"https:\/\/tc4p.com\/wpsite\/wp-json\/wp\/v2\/types\/page"}],"author":[{"embeddable":true,"href":"https:\/\/tc4p.com\/wpsite\/wp-json\/wp\/v2\/users\/1"}],"replies":[{"embeddable":true,"href":"https:\/\/tc4p.com\/wpsite\/wp-json\/wp\/v2\/comments?post=1461"}],"version-history":[{"count":1,"href":"https:\/\/tc4p.com\/wpsite\/wp-json\/wp\/v2\/pages\/1461\/revisions"}],"predecessor-version":[{"id":2384,"href":"https:\/\/tc4p.com\/wpsite\/wp-json\/wp\/v2\/pages\/1461\/revisions\/2384"}],"wp:attachment":[{"href":"https:\/\/tc4p.com\/wpsite\/wp-json\/wp\/v2\/media?parent=1461"}],"curies":[{"name":"wp","href":"https:\/\/api.w.org\/{rel}","templated":true}]}}