{"id":2100,"date":"2020-09-25T14:26:57","date_gmt":"2020-09-25T20:26:57","guid":{"rendered":"https:\/\/trainingcamp.pro\/wpsite\/?page_id=2100"},"modified":"2021-06-28T17:00:07","modified_gmt":"2021-06-28T23:00:07","slug":"liderazgo-virtual","status":"publish","type":"page","link":"https:\/\/tc4p.com\/wpsite\/liderazgo-virtual\/","title":{"rendered":"Liderazgo Virtual"},"content":{"rendered":"\n<h2 class=\"wp-block-heading\"><strong>Liderazgo Virtual<\/strong> (LI-002)<\/h2>\n\n\n\n<figure class=\"wp-block-table\"><table><tbody><tr><td><strong>Resumen:<\/strong><\/td><td><strong>En Linea<\/strong><\/td><td><strong>Presencial<\/strong><\/td><\/tr><tr><td>Fecha:<\/td><td>Cuando tu quieras<\/td><td>No existe en forma presencial<\/td><\/tr><tr><td>Lugar: <\/td><td><a href=\"https:\/\/tc4p.com\/learn\/course\/index.php?categoryid=2\">Plataforma TC4P<\/a><\/td><td>&#8212;<\/td><\/tr><tr><td>Duraci\u00f3n:<\/td><td>Apox. 20-30 min<\/td><td>&#8212;<\/td><\/tr><\/tbody><\/table><\/figure>\n\n\n\n<h3 class=\"wp-block-heading\">1. El Curso en breve<\/h3>\n\n\n\n<div class=\"wp-block-group alignwide is-layout-flow wp-block-group-is-layout-flow\"><div class=\"wp-block-group__inner-container\"><\/div><\/div>\n\n\n\n<div class=\"wp-block-image\"><figure class=\"alignright size-large is-resized\"><a href=\"https:\/\/tc4p.com\/learn\/course\/index.php?categoryid=2\"><img data-recalc-dims=\"1\" loading=\"lazy\" decoding=\"async\" src=\"https:\/\/i0.wp.com\/tc4p.com\/wpsite\/wp-content\/uploads\/2021\/06\/TC4Ponline.png?resize=142%2C79&#038;ssl=1\" alt=\"\" class=\"wp-image-2587\" width=\"142\" height=\"79\"\/><\/a><figcaption>Disponible en <a href=\"https:\/\/tc4p.com\/learn\/course\/index.php?categoryid=2\">TC4P<\/a><\/figcaption><\/figure><\/div>\n\n\n\n<div class=\"wp-block-image\"><figure class=\"alignleft size-large is-resized\"><a href=\"https:\/\/tc4p.com\/learn\/course\/index.php?categoryid=2\"><img data-recalc-dims=\"1\" loading=\"lazy\" decoding=\"async\" src=\"https:\/\/i0.wp.com\/tc4p.com\/wpsite\/wp-content\/uploads\/2020\/11\/LI002.jpeg?resize=262%2C263&#038;ssl=1\" alt=\"Guia: Liderazgo Virtual\" class=\"wp-image-2560\" width=\"262\" height=\"263\" srcset=\"https:\/\/i0.wp.com\/tc4p.com\/wpsite\/wp-content\/uploads\/2020\/11\/LI002.jpeg?w=524&amp;ssl=1 524w, https:\/\/i0.wp.com\/tc4p.com\/wpsite\/wp-content\/uploads\/2020\/11\/LI002.jpeg?resize=300%2C300&amp;ssl=1 300w, https:\/\/i0.wp.com\/tc4p.com\/wpsite\/wp-content\/uploads\/2020\/11\/LI002.jpeg?resize=150%2C150&amp;ssl=1 150w\" sizes=\"auto, (max-width: 262px) 100vw, 262px\" \/><\/a><figcaption>Liderazgo Virtual &#8211; una Gu\u00eda<\/figcaption><\/figure><\/div>\n\n\n\n<p>Este curso es una breve introducci\u00f3n en el arte del liderazgo a distancia. Te explica en menos de media hora lo que tienes que considerar para crear y liderar un equipo virtual que funcione.<\/p>\n\n\n\n<h3 class=\"wp-block-heading\">2. Objetivos<\/h3>\n\n\n\n<p>Equipos virtuales trabajan a distancia o aislados en home office. Por lo tanto requieren un liderazgo especial.&nbsp;<\/p>\n\n\n\n<ul class=\"wp-block-list\"><li>Este curso te explica en media hora lo que tienes que considerar para crear y liderar un equipo virtual que funcione.&nbsp;<\/li><li>Conocer\u00e1s buenas pr\u00e1cticas y errores comunes que debes evitar.<\/li><li>Ser\u00e1s capaz de establecer un ambiente en el cual, un equipo virtual podr\u00e1 trabajar de forma productiva y ser\u00e1s capaz de convertir tu liderazgo presencial en un liderazgo virtual.<\/li><\/ul>\n\n\n\n<h3 class=\"wp-block-heading\">3. Contenidos<\/h3>\n\n\n\n<ul class=\"wp-block-list\"><li>La situaci\u00f3n inicial<\/li><li>Los tres pasos de la preparaci\u00f3n<\/li><li>Interacci\u00f3n personal<\/li><li>Apoyo t\u00e9cnico<\/li><li>Las reglas del conjunto \/ comunicaci\u00f3n<\/li><li>Reglas de trabajo del equipo<\/li><li>Flexibilidad y transparencia&nbsp;<\/li><li>La Exigencia adecuada&nbsp;<\/li><li>Errores principales<\/li><li>Impacto en el futuro<\/li><\/ul>\n\n\n\n<h3 class=\"wp-block-heading\">4. Dirigido a<\/h3>\n\n\n\n<ul class=\"wp-block-list\"><li>Dirigido a L\u00edderes: A todas las personas que tienen una jefatura, es decir que tienen subordinados y la responsabilidad de orientar y liderar un equipo de trabajo<\/li><\/ul>\n\n\n\n<h3 class=\"wp-block-heading\">5. Adem\u00e1s \u2026<\/h3>\n\n\n\n<ul class=\"wp-block-list\"><li>Training Certificate<\/li><\/ul>\n\n\n\n<h3 class=\"wp-block-heading\">6. Duraci\u00f3n<\/h3>\n\n\n\n<p><strong>En l\u00ednea:<\/strong> Aprox. 20 &#8211; 30 min<\/p>\n\n\n\n<p>Los participantes pueden iniciar en el momento de su matriculaci\u00f3n y deben terminar en el periodo indicado en la descripci\u00f3n. Cada participante puede trabajar a su propio ritmo. El curso en linea es de forma intensivo. Por lo tanto es posible que unos participantes necesitaran menos tiempo de lo previsto y otros m\u00e1s. (Ver:&nbsp;<a href=\"https:\/\/tc4p.com\/wpsite\/preguntas-frecuentes-tc4p\/\" data-type=\"page\" data-id=\"31\">Presencial vs. En Linea<\/a>)<\/p>\n\n\n\n<h3 class=\"wp-block-heading\">7. Inscripci\u00f3n \/ Lugares y Fechas<\/h3>\n\n\n\n<p class=\"\">Para inscribirse en un curso en l\u00ednea dirigirse al <a href=\"https:\/\/tc4pweb.wixsite.com\/tc4p\/formulario-de-inscripcion\">sistema de inscripci\u00f3n  <\/a><\/p>\n\n\n\n<p class=\"\"><\/p>\n","protected":false},"excerpt":{"rendered":"<p>Liderazgo Virtual (LI-002) Resumen: En Linea Presencial Fecha: Cuando tu quieras No existe en forma presencial Lugar: Plataforma TC4P &#8212; Duraci\u00f3n: Apox. 20-30 min &#8212; 1. El Curso en breve &#8230;<\/p>\n","protected":false},"author":1,"featured_media":0,"parent":0,"menu_order":0,"comment_status":"closed","ping_status":"closed","template":"","meta":{"nf_dc_page":"","sns_share_botton_hide":"","vkExUnit_sns_title":"","_vk_print_noindex":"","sitemap_hide":"","vkExUnit_sitemap":"","_veu_custom_css":"","veu_display_promotion_alert":"","_exclude_from_list_pages":"","vkexunit_cta_each_option":"","vkExUnit_childPageIndex":"","vkExUnit_pageList_ancestor":"","vkExUnit_contact_enable":"","footnotes":""},"class_list":["post-2100","page","type-page","status-publish","hentry"],"veu_head_title_object":{"title":"","add_site_title":""},"jetpack_sharing_enabled":true,"_links":{"self":[{"href":"https:\/\/tc4p.com\/wpsite\/wp-json\/wp\/v2\/pages\/2100","targetHints":{"allow":["GET"]}}],"collection":[{"href":"https:\/\/tc4p.com\/wpsite\/wp-json\/wp\/v2\/pages"}],"about":[{"href":"https:\/\/tc4p.com\/wpsite\/wp-json\/wp\/v2\/types\/page"}],"author":[{"embeddable":true,"href":"https:\/\/tc4p.com\/wpsite\/wp-json\/wp\/v2\/users\/1"}],"replies":[{"embeddable":true,"href":"https:\/\/tc4p.com\/wpsite\/wp-json\/wp\/v2\/comments?post=2100"}],"version-history":[{"count":5,"href":"https:\/\/tc4p.com\/wpsite\/wp-json\/wp\/v2\/pages\/2100\/revisions"}],"predecessor-version":[{"id":2589,"href":"https:\/\/tc4p.com\/wpsite\/wp-json\/wp\/v2\/pages\/2100\/revisions\/2589"}],"wp:attachment":[{"href":"https:\/\/tc4p.com\/wpsite\/wp-json\/wp\/v2\/media?parent=2100"}],"curies":[{"name":"wp","href":"https:\/\/api.w.org\/{rel}","templated":true}]}}