{"id":281,"date":"2019-02-09T00:41:52","date_gmt":"2019-02-09T00:41:52","guid":{"rendered":"https:\/\/trainingcamp.pro\/wpsite\/?page_id=281"},"modified":"2020-11-06T16:44:42","modified_gmt":"2020-11-06T22:44:42","slug":"s001-iso-14001-introduccion-medioambiente","status":"publish","type":"page","link":"https:\/\/tc4p.com\/wpsite\/s001-iso-14001-introduccion-medioambiente\/","title":{"rendered":"INTRODUCCI\u00d3N MEDIOAMBIENTE &#8211; S001 ISO 14001"},"content":{"rendered":"\n<h2 class=\"wp-block-heading\"><strong>ISO 14001 &#8211; INTRODUCCI\u00d3N MEDIOAMBIENTE<\/strong><\/h2>\n\n\n\n<h3 class=\"wp-block-heading\">1. El Curso en breve (S001-17)<\/h3>\n\n\n\n<div class=\"wp-block-image\"><figure class=\"alignleft size-large is-resized\"><a href=\"https:\/\/i0.wp.com\/trainingcamp.pro\/wpsite\/wp-content\/uploads\/2020\/02\/S001-20.png?ssl=1\"><img data-recalc-dims=\"1\" loading=\"lazy\" decoding=\"async\" src=\"https:\/\/i0.wp.com\/trainingcamp.pro\/wpsite\/wp-content\/uploads\/2020\/02\/S001-20-730x1024.png?resize=200%2C280&#038;ssl=1\" alt=\"\" class=\"wp-image-1426\" width=\"200\" height=\"280\"\/><\/a><\/figure><\/div>\n\n\n\n<p>Conozca los fundamentos del Sistema de Gesti\u00f3n Ambiental (SGA) ISO 14001: 2015 con nuestro nuevo curso de introducci\u00f3n en un solo d\u00eda. Identifique la estructura y los requisitos de un sistema de gesti\u00f3n ambiental eficaz y lo que esto significa para su empresa. Obtenga conocimientos esenciales de la historia y del desarrollo de ISO 14001: 2015, sus t\u00e9rminos claves y las definiciones relacionadas. Interprete y aplique los conceptos y principios claves de la nueva edici\u00f3n del est\u00e1ndar a los procesos existentes dentro de su organizaci\u00f3n.<\/p>\n\n\n\n<p>La norma internacional ISO 14001 especifica los requisitos para un sistema de gesti\u00f3n ambiental que puede ocupar una organizaci\u00f3n para mejorar su desempe\u00f1o ambiental. Es para gestionar las responsabilidades ambientales de una manera sistem\u00e1tica y contribuir al pilar ambiental de la sostenibilidad. Con la ISO 14001:2015 una organizaci\u00f3n puede lograr los resultados previstos de su sistema de gesti\u00f3n ambiental mas f\u00e1cil. Estos aportan valor al medio ambiente, a la propia organizaci\u00f3n ya a las partes interesadas.<\/p>\n\n\n\n<h3 class=\"wp-block-heading\">2. Objetivos<\/h3>\n\n\n\n<p>Los participantes tendr\u00e1n una visi\u00f3n general, conocer\u00e1n la terminolog\u00eda y las definiciones comunes en el sistema ambiental, as\u00ed como los beneficios de estos.Hacen el primer paso hacia una gesti\u00f3n medioambiental.<br><\/p>\n\n\n\n<h3 class=\"wp-block-heading\">3. Contenidos<\/h3>\n\n\n\n<ul class=\"wp-block-list\"><li>Importancia de Gesti\u00f3n Prop\u00f3sito de la Norma<\/li><li>Enfoque Sistem\u00e1tico<\/li><li>Factores de \u00c9xito<\/li><li>T\u00e9rminos y Definiciones<\/li><li>Requisitos y Aplicaci\u00f3n<\/li><li>Ciclo de Mejora Continua<\/li><li>Determinar Riesgos<\/li><li>Contexto, Liderazgo<\/li><li>Planificaci\u00f3n del Sistema<\/li><li>Obligaciones de Cumplimiento<\/li><\/ul>\n\n\n\n<h3 class=\"wp-block-heading\">4. Dirigido a<\/h3>\n\n\n\n<p>La capacitaci\u00f3n es ideal para empresas que buscan mejorar su gesti\u00f3n ambiente.La participaci\u00f3n exitosa no requiere conocimientos previos de la norma.&nbsp;<br><\/p>\n\n\n\n<h3 class=\"wp-block-heading\">5. Adem\u00e1s &#8230;<\/h3>\n\n\n\n<ul class=\"wp-block-list\"><li>Incluye material did\u00e1ctico y catering en el evento<\/li><li>Training Certificate<\/li><\/ul>\n\n\n\n<h3 class=\"wp-block-heading\">6. Duraci\u00f3n<\/h3>\n\n\n\n<ul class=\"wp-block-list\"><li>Implementaci\u00f3n en 1 d\u00edas (8 horas)<\/li><\/ul>\n\n\n\n<h3 class=\"wp-block-heading\">Inscripci\u00f3n \/ Lugares y Fechas<\/h3>\n\n\n\n<ul class=\"wp-block-list\">\n<li>Presencial: En la <a href=\"https:\/\/tc4p.com\/wpsite\/agenda-presencial\/\" data-type=\"page\" data-id=\"134\"><strong><em>agenda<\/em><\/strong><\/a> se encuentran las fechas y lugares oficiales. El\u00a0<a rel=\"noreferrer noopener\" href=\"https:\/\/tc4p.com\/wpsite\/inscription.html\" target=\"_blank\"><strong><em>Formulario de Inscripci\u00f3n<\/em><\/strong><\/a>\u00a0le permite inscribirse en linea como participante en un curso presencial. <\/li>\n<\/ul>\n\n\n\n<p>Si este evento no aparece en ninguno de los dos paginas todav\u00eda no tiene fecha. Por favor comun\u00edquese con&nbsp;<a href=\"https:\/\/tc4p.com\/wpsite\/contacto\/\" data-type=\"page\" data-id=\"130\"><em><strong>nosotros<\/strong><\/em><\/a> para recibir m\u00e1s informaci\u00f3n, solicitar pedido especial o asistencia.<\/p>\n\n\n\n<p><strong><a href=\"https:\/\/tc4p.com\/wpsite\/agenda-presencial\/\" data-type=\"page\" data-id=\"134\"><em>Regresar a la Agenda<\/em><\/a><\/strong><\/p>\n","protected":false},"excerpt":{"rendered":"<p>ISO 14001 &#8211; INTRODUCCI\u00d3N MEDIOAMBIENTE 1. El Curso en breve (S001-17) Conozca los fundamentos del Sistema de Gesti\u00f3n Ambiental (SGA) ISO 14001: 2015 con nuestro nuevo curso de introducci\u00f3n en &#8230;<\/p>\n","protected":false},"author":1,"featured_media":0,"parent":0,"menu_order":0,"comment_status":"closed","ping_status":"closed","template":"","meta":{"nf_dc_page":"","sns_share_botton_hide":"","vkExUnit_sns_title":"","_vk_print_noindex":"","sitemap_hide":"","vkExUnit_sitemap":"","_veu_custom_css":"","veu_display_promotion_alert":"","_exclude_from_list_pages":"","vkexunit_cta_each_option":"","vkExUnit_childPageIndex":"","vkExUnit_pageList_ancestor":"","vkExUnit_contact_enable":"","footnotes":""},"class_list":["post-281","page","type-page","status-publish","hentry"],"veu_head_title_object":{"title":"","add_site_title":""},"jetpack_sharing_enabled":true,"_links":{"self":[{"href":"https:\/\/tc4p.com\/wpsite\/wp-json\/wp\/v2\/pages\/281","targetHints":{"allow":["GET"]}}],"collection":[{"href":"https:\/\/tc4p.com\/wpsite\/wp-json\/wp\/v2\/pages"}],"about":[{"href":"https:\/\/tc4p.com\/wpsite\/wp-json\/wp\/v2\/types\/page"}],"author":[{"embeddable":true,"href":"https:\/\/tc4p.com\/wpsite\/wp-json\/wp\/v2\/users\/1"}],"replies":[{"embeddable":true,"href":"https:\/\/tc4p.com\/wpsite\/wp-json\/wp\/v2\/comments?post=281"}],"version-history":[{"count":1,"href":"https:\/\/tc4p.com\/wpsite\/wp-json\/wp\/v2\/pages\/281\/revisions"}],"predecessor-version":[{"id":2425,"href":"https:\/\/tc4p.com\/wpsite\/wp-json\/wp\/v2\/pages\/281\/revisions\/2425"}],"wp:attachment":[{"href":"https:\/\/tc4p.com\/wpsite\/wp-json\/wp\/v2\/media?parent=281"}],"curies":[{"name":"wp","href":"https:\/\/api.w.org\/{rel}","templated":true}]}}