{"id":347,"date":"2019-02-09T01:30:42","date_gmt":"2019-02-09T01:30:42","guid":{"rendered":"https:\/\/trainingcamp.pro\/wpsite\/?page_id=347"},"modified":"2020-11-06T16:34:43","modified_gmt":"2020-11-06T22:34:43","slug":"f005-globalgap-lo-que-las-empresas-deben-saber","status":"publish","type":"page","link":"https:\/\/tc4p.com\/wpsite\/f005-globalgap-lo-que-las-empresas-deben-saber\/","title":{"rendered":"F005 GLOBALGAP &#8211; LO QUE LAS EMPRESAS DEBEN SABER"},"content":{"rendered":"\n<h2 class=\"wp-block-heading\"><strong>GLOBALGAP &#8211; LO QUE LAS EMPRESAS DEBEN SABER<\/strong><\/h2>\n\n\n\n<h3 class=\"wp-block-heading\">1. El Curso en breve (F005-15)<\/h3>\n\n\n\n<div class=\"wp-block-image\"><figure class=\"alignleft is-resized\"><img data-recalc-dims=\"1\" loading=\"lazy\" decoding=\"async\" src=\"https:\/\/i0.wp.com\/trainingcamp.pro\/wpsite\/wp-content\/uploads\/2019\/02\/F005-158H.jpg?resize=180%2C240&#038;ssl=1\" alt=\"\" class=\"wp-image-348\" width=\"180\" height=\"240\" srcset=\"https:\/\/i0.wp.com\/tc4p.com\/wpsite\/wp-content\/uploads\/2019\/02\/F005-158H.jpg?w=720&amp;ssl=1 720w, https:\/\/i0.wp.com\/tc4p.com\/wpsite\/wp-content\/uploads\/2019\/02\/F005-158H.jpg?resize=225%2C300&amp;ssl=1 225w\" sizes=\"auto, (max-width: 180px) 100vw, 180px\" \/><\/figure><\/div>\n\n\n\n<p>Se exponen de manera racional y funcional los lineamientos y la aplicaci\u00f3n de las Buenas Pr\u00e1cticas Agr\u00edcolas en relaci\u00f3n con sus tres \u00e1mbitos generales: la inocuidad, la gesti\u00f3n ambiental y el aspecto laboral. Los participantes conocer\u00e1n los fundamentos esta norma internacional que actualmente goza de mayor renombre y aceptaci\u00f3n a nivel mundial, pues Global G.A.P. en su Versi\u00f3n 5, en vigencia desde el a\u00f1o 2015, fue reciente reconocida por la Global Food Safety Initiative (GFSI).&nbsp;<\/p>\n\n\n\n<h3 class=\"wp-block-heading\">2. Objetivos<\/h3>\n\n\n\n<p>Generales:<\/p>\n\n\n\n<ul class=\"wp-block-list\"><li>Proporcionar los conocimientos b\u00e1sicos para interpretar e implantar la normativa de Buenas Pr\u00e1cticas Agr\u00edcolas seg\u00fan Global G.A.P. versi\u00f3n 5 en vigencia desde el a\u00f1o 2015, cubriendo sus aspectos fundamentales de la inocuidad, la gesti\u00f3n ambiental y la condici\u00f3n laboral.<\/li><\/ul>\n\n\n\n<p>Especificos:<\/p>\n\n\n\n<ul class=\"wp-block-list\"><li>Que el participante conozca las bases del m\u00f3dulo AF (base para explotaciones agropecuarias)<\/li><li>Que el participante conozca las bases del m\u00f3dulo CB (base para cultivos)<\/li><\/ul>\n\n\n\n<h3 class=\"wp-block-heading\">3. Contenidos<\/h3>\n\n\n\n<p>Sus dos m\u00f3dulos principales se refieren a (AF) una base para todo tipo de explotaci\u00f3n agropecuaria y (CB) el m\u00f3dulo base para cultivos agr\u00edcolas.<\/p>\n\n\n\n<p>El primer m\u00f3dulo comprende historial y manejo de la explotaci\u00f3n, registros, salud, seguridad y bienestar del trabajador; subcontratistas, gesti\u00f3n de residuos contaminantes y medidas ambientales; gesti\u00f3n&nbsp; de reclamos, trazabilidad y retiro, Food Defense. Se tienen en cuenta aspectos desde suelos y fertilizantes, hasta riego y manejo de cosecha bajo lineamientos sanitarios y ambientales.<\/p>\n\n\n\n<p>El segundo m\u00f3dulo incluye trazabilidad espec\u00edfica; material de producci\u00f3n vegetal; historial y manejo, peligros, evaluaci\u00f3n de riesgos, l\u00edmites e inspecciones; gesti\u00f3n del suelo, fertilizaci\u00f3n, riego, manejo integrado de plagas, productos fitosanitarios y equipos.<\/p>\n\n\n\n<h3 class=\"wp-block-heading\">4. Dirigido a<\/h3>\n\n\n\n<p>El curso est\u00e1 dirigido a:<\/p>\n\n\n\n<ul class=\"wp-block-list\"><li>Personas:El curso es de inter\u00e9s para aquellas personas que ocupan cargos de mandos medios y superiores, as\u00ed como l\u00edderes de procesos en todos las ramas de la producci\u00f3n agr\u00edcola.<\/li><li>Empresas: Est\u00e1 dirigido tanto a empresas del \u00e1mbito de la producci\u00f3n, cosecha, manejo, almacenamiento, empaque y comercializaci\u00f3n de cultivos alimenticios y no alimenticios, como tambi\u00e9n a empresas proveedoras de insumos y servicios, empresas clientes de la producci\u00f3n agr\u00edcola.<\/li><li>Organizaciones: Est\u00e1 dirigido a organizaciones e instituciones que dirigen y regulan las pr\u00e1cticas agr\u00edcolas<\/li><\/ul>\n\n\n\n<p>Recomendaciones \/ Restricciones \/ Notas: La normativa es aplicable a cultivos no alimenticios (flores y ornamentales) para los cuales no se consideran los aspectos de inocuidad de alimentos.&nbsp;<\/p>\n\n\n\n<h3 class=\"wp-block-heading\">5. Adem\u00e1s &#8230;<\/h3>\n\n\n\n<ul class=\"wp-block-list\"><li>Incluye material did\u00e1ctico<\/li><li>Training Certificate<\/li><li>Catering en el evento<\/li><\/ul>\n\n\n\n<h3 class=\"wp-block-heading\">6. Duraci\u00f3n<\/h3>\n\n\n\n<ul class=\"wp-block-list\"><li>Implementaci\u00f3n en 1 d\u00eda (8 horas)<br><\/li><\/ul>\n\n\n\n<h3 class=\"wp-block-heading\">Inscripci\u00f3n \/ Lugares y Fechas<\/h3>\n\n\n\n<ul class=\"wp-block-list\">\n<li>Presencial: En la <a href=\"https:\/\/tc4p.com\/wpsite\/agenda-presencial\/\" data-type=\"page\" data-id=\"134\"><strong><em>agenda<\/em><\/strong><\/a> se encuentran las fechas y lugares oficiales. El\u00a0<a rel=\"noreferrer noopener\" href=\"https:\/\/tc4p.com\/wpsite\/inscription.html\" target=\"_blank\"><strong><em>Formulario de Inscripci\u00f3n<\/em><\/strong><\/a>\u00a0le permite inscribirse en linea como participante en un curso presencial. <\/li>\n<\/ul>\n\n\n\n<p>Si este evento no aparece en ninguno de los dos paginas todav\u00eda no tiene fecha. Por favor comun\u00edquese con&nbsp;<a href=\"https:\/\/tc4p.com\/wpsite\/contacto\/\" data-type=\"page\" data-id=\"130\"><em><strong>nosotros<\/strong><\/em><\/a> para recibir m\u00e1s informaci\u00f3n, solicitar pedido especial o asistencia.<\/p>\n\n\n\n<p><strong><a href=\"https:\/\/tc4p.com\/wpsite\/agenda-presencial\/\" data-type=\"page\" data-id=\"134\"><em>Regresar a la Agenda<\/em><\/a><\/strong><\/p>\n","protected":false},"excerpt":{"rendered":"<p>GLOBALGAP &#8211; LO QUE LAS EMPRESAS DEBEN SABER 1. El Curso en breve (F005-15) Se exponen de manera racional y funcional los lineamientos y la aplicaci\u00f3n de las Buenas Pr\u00e1cticas &#8230;<\/p>\n","protected":false},"author":1,"featured_media":0,"parent":0,"menu_order":0,"comment_status":"closed","ping_status":"closed","template":"","meta":{"nf_dc_page":"","sns_share_botton_hide":"","vkExUnit_sns_title":"","_vk_print_noindex":"","sitemap_hide":"","vkExUnit_sitemap":"","_veu_custom_css":"","veu_display_promotion_alert":"","_exclude_from_list_pages":"","vkexunit_cta_each_option":"","vkExUnit_childPageIndex":"","vkExUnit_pageList_ancestor":"","vkExUnit_contact_enable":"","footnotes":""},"class_list":["post-347","page","type-page","status-publish","hentry"],"veu_head_title_object":{"title":"","add_site_title":""},"jetpack_sharing_enabled":true,"_links":{"self":[{"href":"https:\/\/tc4p.com\/wpsite\/wp-json\/wp\/v2\/pages\/347","targetHints":{"allow":["GET"]}}],"collection":[{"href":"https:\/\/tc4p.com\/wpsite\/wp-json\/wp\/v2\/pages"}],"about":[{"href":"https:\/\/tc4p.com\/wpsite\/wp-json\/wp\/v2\/types\/page"}],"author":[{"embeddable":true,"href":"https:\/\/tc4p.com\/wpsite\/wp-json\/wp\/v2\/users\/1"}],"replies":[{"embeddable":true,"href":"https:\/\/tc4p.com\/wpsite\/wp-json\/wp\/v2\/comments?post=347"}],"version-history":[{"count":1,"href":"https:\/\/tc4p.com\/wpsite\/wp-json\/wp\/v2\/pages\/347\/revisions"}],"predecessor-version":[{"id":2406,"href":"https:\/\/tc4p.com\/wpsite\/wp-json\/wp\/v2\/pages\/347\/revisions\/2406"}],"wp:attachment":[{"href":"https:\/\/tc4p.com\/wpsite\/wp-json\/wp\/v2\/media?parent=347"}],"curies":[{"name":"wp","href":"https:\/\/api.w.org\/{rel}","templated":true}]}}