{"id":358,"date":"2019-02-09T01:40:42","date_gmt":"2019-02-09T01:40:42","guid":{"rendered":"https:\/\/trainingcamp.pro\/wpsite\/?page_id=358"},"modified":"2020-11-06T16:38:04","modified_gmt":"2020-11-06T22:38:04","slug":"f013-fssc-22000-para-la-industria-de-empaque","status":"publish","type":"page","link":"https:\/\/tc4p.com\/wpsite\/f013-fssc-22000-para-la-industria-de-empaque\/","title":{"rendered":"F013 FSSC 22000 PARA LA INDUSTRIA DE EMPAQUE"},"content":{"rendered":"\n<h1 class=\"wp-block-heading\">FSSC 22000 PARA LA INDUSTRIA DE EMPAQUE<\/h1>\n\n\n\n<p class=\"has-vivid-red-color has-text-color\"><strong>Incluye nueva Versi\u00f3n 5.0 del FSSC<br>Incluye nueva ISO 22000:2018<\/strong><\/p>\n\n\n\n<p><strong>Preambulo<\/strong>: La Certificaci\u00f3n del Sistema de Seguridad Alimentaria FSSC 22000 proporciona un marco para gestionar eficazmente las responsabilidades de su organizaci\u00f3n en materia de inocuidad de los alimentos y sus empaques. El FSSC 22000 es plenamente reconocido por la Iniciativa Global para la Inocuidad de los Alimentos (GFSI) y se basa en las normas ISO existentes. Demuestra que su empresa cuenta con un s\u00f3lido sistema de gesti\u00f3n de seguridad alimentaria que cumple los requisitos de sus clientes y consumidores.<\/p>\n\n\n\n<h3 class=\"wp-block-heading\">1. El Curso en breve (F013-17)<\/h3>\n\n\n\n<div class=\"wp-block-image\"><figure class=\"alignleft is-resized\"><img data-recalc-dims=\"1\" loading=\"lazy\" decoding=\"async\" src=\"https:\/\/i0.wp.com\/trainingcamp.pro\/wpsite\/wp-content\/uploads\/2019\/05\/F013-17H16-OF.jpg?resize=180%2C240&#038;ssl=1\" alt=\"\" class=\"wp-image-915\" width=\"180\" height=\"240\" srcset=\"https:\/\/i0.wp.com\/tc4p.com\/wpsite\/wp-content\/uploads\/2019\/05\/F013-17H16-OF.jpg?w=720&amp;ssl=1 720w, https:\/\/i0.wp.com\/tc4p.com\/wpsite\/wp-content\/uploads\/2019\/05\/F013-17H16-OF.jpg?resize=225%2C300&amp;ssl=1 225w\" sizes=\"auto, (max-width: 180px) 100vw, 180px\" \/><\/figure><\/div>\n\n\n\n<p>Conozca FSSC 22000, una certificaci\u00f3n internacional en inocuidad de alimentos de amplia difusi\u00f3n.<\/p>\n\n\n\n<p>El curso le abre las puertas a la industria del empaque para conocer sus proyecciones en inocuidad de alimentos desde las Buenas Pr\u00e1cticas de Manufactura (BPM) y dem\u00e1s Programas Prerrequisito (PPR), hasta integrar todo su Sistema de Gesti\u00f3n (SGIA) de acuerdo a esta norma internacional.&nbsp; Hable de t\u00fa a t\u00fa con sus clientes de la industria de alimentos.<\/p>\n\n\n\n<p>La capacitaci\u00f3n considera los cambios por la revisi\u00f3n de la&nbsp;<strong>nueva versi\u00f3n 5.0<\/strong>&nbsp;en FSSC que es&nbsp;obligatoria desde&nbsp;el&nbsp;<strong>1. de Enero de 2018<\/strong>.<\/p>\n\n\n\n<h3 class=\"wp-block-heading\">2. Objetivos<\/h3>\n\n\n\n<p>Los participantes conocer\u00e1n la aplicaci\u00f3n de un sistema de gesti\u00f3n de inocuidad de alimentos para la industria de empaque y desarrollan sus capacidades para implementarlo en su empresa.<\/p>\n\n\n\n<p>Ser\u00e1n capaz de:<\/p>\n\n\n\n<ul class=\"wp-block-list\"><li>Estructurar su propio manual de buenas pr\u00e1cticas de acuerdo a su actividad y nivel de riesgos;<\/li><li>Identificar los peligros propios que presenta su proceso para la inocuidad de los alimentos y determinar las medidas de control m\u00e1s adecuadas;<\/li><li>Integrar estos elementos dentro de las normas internacionales ISO 22000:2018 e ISO\/TS 22002-4:2013 para unificarlos dentro de la FSSC 22000<\/li><\/ul>\n\n\n\n<h3 class=\"wp-block-heading\">3. Contenidos<\/h3>\n\n\n\n<ul class=\"wp-block-list\"><li>Tendencias Globales de la Industria de Alimentos<\/li><li>El Rol del GFSI<\/li><li>Antecedentes del FSSC 22000.<\/li><li>\u00bfQu\u00e9 es el FSSC 22000 y cu\u00e1les son sus requerimientos?<\/li><li>Visi\u00f3n del Codex Alimentarius.<\/li><li>Revisi\u00f3n de la norma internacional ISO 22000:2018, Alcance, Revisi\u00f3n Gerencial, Recursos. (Puntos 4, 5 y 6)<\/li><li>HACCP bajo FSSC 22000. (Punto 7.3 a 7.8)<\/li><li>Verificaci\u00f3n, trazabilidad, manejo de producto NO conforme, retiro de productos. (Puntos 7.8 a 7.10)<\/li><li>An\u00e1lisis de ISO\/TS 22002-4: 2013 (antes PAS 223)<\/li><li>Programas prerrequisito y su relaci\u00f3n con el sistema de gesti\u00f3n bajo ISO 22000:2018<\/li><li>Requisitos especiales: agilidad de sistema FSSC 22000<\/li><li>La mejora continua: FSSC como un sistema integral de gesti\u00f3n de la inocuidad alimentaria<\/li><\/ul>\n\n\n\n<h3 class=\"wp-block-heading\">4. Dirigido a<\/h3>\n\n\n\n<p>El curso est\u00e1 dirigido a<\/p>\n\n\n\n<ul class=\"wp-block-list\"><li>L\u00edderes de proceso, mandos superiores y medios de la industria del empaque para alimentos<\/li><li>Integrantes del equipo de inocuidad de alimentos en la industria del empaque<\/li><li>Auditores internos; mandos de las secciones involucradas en de calidad, producci\u00f3n, mantenimiento, compras, almacenamiento, log\u00edstica y transporte, ventas<\/li><li>Miembros del personal que se involucran en la cadena de suministros de alimentos.<\/li><li>Compradores de material de empaque<\/li><\/ul>\n\n\n\n<h3 class=\"wp-block-heading\">5. Adem\u00e1s &#8230;<\/h3>\n\n\n\n<ul class=\"wp-block-list\"><li>Incluye material did\u00e1ctico<\/li><li>Training Certificate<\/li><li>Catering en el evento<\/li><\/ul>\n\n\n\n<h3 class=\"wp-block-heading\">6. Duraci\u00f3n<\/h3>\n\n\n\n<ul class=\"wp-block-list\"><li>Implementaci\u00f3n en 2 d\u00edas (16 horas)<br><\/li><\/ul>\n\n\n\n<h3 class=\"wp-block-heading\">Inscripci\u00f3n \/ Lugares y Fechas<\/h3>\n\n\n\n<ul class=\"wp-block-list\">\n<li>Presencial: En la <a href=\"https:\/\/tc4p.com\/wpsite\/agenda-presencial\/\" data-type=\"page\" data-id=\"134\"><strong><em>agenda<\/em><\/strong><\/a> se encuentran las fechas y lugares oficiales. El\u00a0<a rel=\"noreferrer noopener\" href=\"https:\/\/tc4p.com\/wpsite\/inscription.html\" target=\"_blank\"><strong><em>Formulario de Inscripci\u00f3n<\/em><\/strong><\/a>\u00a0le permite inscribirse en linea como participante en un curso presencial. <\/li>\n<\/ul>\n\n\n\n<p>Si este evento no aparece en ninguno de los dos paginas todav\u00eda no tiene fecha. Por favor comun\u00edquese con&nbsp;<a href=\"https:\/\/tc4p.com\/wpsite\/contacto\/\" data-type=\"page\" data-id=\"130\"><em><strong>nosotros<\/strong><\/em><\/a> para recibir m\u00e1s informaci\u00f3n, solicitar pedido especial o asistencia.<\/p>\n\n\n\n<p><strong><a href=\"https:\/\/tc4p.com\/wpsite\/agenda-presencial\/\" data-type=\"page\" data-id=\"134\"><em>Regresar a la Agenda<\/em><\/a><\/strong><\/p>\n","protected":false},"excerpt":{"rendered":"<p>FSSC 22000 PARA LA INDUSTRIA DE EMPAQUE Incluye nueva Versi\u00f3n 5.0 del FSSCIncluye nueva ISO 22000:2018 Preambulo: La Certificaci\u00f3n del Sistema de Seguridad Alimentaria FSSC 22000 proporciona un marco para &#8230;<\/p>\n","protected":false},"author":1,"featured_media":0,"parent":0,"menu_order":0,"comment_status":"closed","ping_status":"closed","template":"","meta":{"nf_dc_page":"","sns_share_botton_hide":"","vkExUnit_sns_title":"","_vk_print_noindex":"","sitemap_hide":"","vkExUnit_sitemap":"","_veu_custom_css":"","veu_display_promotion_alert":"","_exclude_from_list_pages":"","vkexunit_cta_each_option":"","vkExUnit_childPageIndex":"","vkExUnit_pageList_ancestor":"","vkExUnit_contact_enable":"","footnotes":""},"class_list":["post-358","page","type-page","status-publish","hentry"],"veu_head_title_object":{"title":"","add_site_title":""},"jetpack_sharing_enabled":true,"_links":{"self":[{"href":"https:\/\/tc4p.com\/wpsite\/wp-json\/wp\/v2\/pages\/358","targetHints":{"allow":["GET"]}}],"collection":[{"href":"https:\/\/tc4p.com\/wpsite\/wp-json\/wp\/v2\/pages"}],"about":[{"href":"https:\/\/tc4p.com\/wpsite\/wp-json\/wp\/v2\/types\/page"}],"author":[{"embeddable":true,"href":"https:\/\/tc4p.com\/wpsite\/wp-json\/wp\/v2\/users\/1"}],"replies":[{"embeddable":true,"href":"https:\/\/tc4p.com\/wpsite\/wp-json\/wp\/v2\/comments?post=358"}],"version-history":[{"count":1,"href":"https:\/\/tc4p.com\/wpsite\/wp-json\/wp\/v2\/pages\/358\/revisions"}],"predecessor-version":[{"id":2412,"href":"https:\/\/tc4p.com\/wpsite\/wp-json\/wp\/v2\/pages\/358\/revisions\/2412"}],"wp:attachment":[{"href":"https:\/\/tc4p.com\/wpsite\/wp-json\/wp\/v2\/media?parent=358"}],"curies":[{"name":"wp","href":"https:\/\/api.w.org\/{rel}","templated":true}]}}