{"id":968,"date":"2019-08-09T09:24:12","date_gmt":"2019-08-09T15:24:12","guid":{"rendered":"https:\/\/trainingcamp.pro\/wpsite\/?page_id=968"},"modified":"2020-11-06T16:40:12","modified_gmt":"2020-11-06T22:40:12","slug":"microbiologia-f019","status":"publish","type":"page","link":"https:\/\/tc4p.com\/wpsite\/microbiologia-f019\/","title":{"rendered":"F019 Enemigo peque\u00f1o &#8211; Impacto grande Bases de la Microbiolog\u00eda de alimentos"},"content":{"rendered":"\n<div class=\"wp-block-image\"><figure class=\"alignright is-resized\"><img data-recalc-dims=\"1\" loading=\"lazy\" decoding=\"async\" src=\"https:\/\/i0.wp.com\/trainingcamp.pro\/wpsite\/wp-content\/uploads\/2019\/08\/arteg.jpg?resize=174%2C174&#038;ssl=1\" alt=\"\" class=\"wp-image-972\" width=\"174\" height=\"174\" srcset=\"https:\/\/i0.wp.com\/tc4p.com\/wpsite\/wp-content\/uploads\/2019\/08\/arteg.jpg?w=200&amp;ssl=1 200w, https:\/\/i0.wp.com\/tc4p.com\/wpsite\/wp-content\/uploads\/2019\/08\/arteg.jpg?resize=150%2C150&amp;ssl=1 150w\" sizes=\"auto, (max-width: 174px) 100vw, 174px\" \/><\/figure><\/div>\n\n\n\n<p class=\"has-luminous-vivid-orange-color has-text-color has-medium-font-size\"><strong>&#8220;<\/strong><em><strong>Si conoces al enemigo y a ti mismo, no debes temer el resultado de un ciento de batallas&#8221;&nbsp; <\/strong><\/em><br><em><strong>Sun Tzu, El Arte de la Guerra<\/strong><\/em><\/p>\n\n\n\n<p><strong>Pre\u00e1mbulo<\/strong>: \u00bfRealmente sabe a qui\u00e9nes se enfrenta? No m\u00e1s &#8220;Probemos con este limpiador, intente otro desinfectante, pruebe calentando un poco m\u00e1s, tal vez con m\u00e1s cloro&#8230;&#8221;&nbsp; Ya no dispare contra fantasmas, ayude razonar sus soluciones. Identifique sus peligros y valore sus riesgos y dirija sus recursos a acciones efectivas contra peligros verdaderos.<\/p>\n\n\n\n<div class=\"wp-block-image\"><figure class=\"alignleft\"><img data-recalc-dims=\"1\" loading=\"lazy\" decoding=\"async\" width=\"104\" height=\"99\" src=\"https:\/\/i0.wp.com\/trainingcamp.pro\/wpsite\/wp-content\/uploads\/2019\/08\/MB01.png?resize=104%2C99&#038;ssl=1\" alt=\"\" class=\"wp-image-979\"\/><\/figure><\/div>\n\n\n\n<p>Esta capacitaci\u00f3n viene como anillo al dedo a quienes deben saber opinar a la hora de un efectivo an\u00e1lisis de peligros. Estos conocimientos tambi\u00e9n se hacen necesarios cuando hay dise\u00f1o de nuevos productos o cuando hay cambios en los procesos. En cualquier sistema de aseguramiento o gesti\u00f3n de la inocuidad es crucial conocer los peligros biol\u00f3gicos y los m\u00e1s temidos siempre son las bacterias. \u00a1Con\u00f3zcalas, no se deje sorprender por enemigos invisibles!<\/p>\n\n\n\n<h3 class=\"wp-block-heading\" id=\"mce_4\"><br>1. El Curso en breve (F019)<\/h3>\n\n\n\n<div class=\"wp-block-image\"><figure class=\"alignright size-large is-resized\"><a href=\"https:\/\/i0.wp.com\/trainingcamp.pro\/wpsite\/wp-content\/uploads\/2020\/02\/F019-20.png?ssl=1\"><img data-recalc-dims=\"1\" loading=\"lazy\" decoding=\"async\" src=\"https:\/\/i0.wp.com\/trainingcamp.pro\/wpsite\/wp-content\/uploads\/2020\/02\/F019-20-730x1024.png?resize=379%2C532&#038;ssl=1\" alt=\"\" class=\"wp-image-1489\" width=\"379\" height=\"532\"\/><\/a><\/figure><\/div>\n\n\n\n<p>La microbiolog\u00eda no s\u00f3lo es para microbi\u00f3logos y los analistas. Si su producto es perecedero, debe lidiar con organismos de la descomposici\u00f3n y peligros biol\u00f3gicos. Hable el mismo idioma con los entendidos. Analice sus peligros con conocimiento de causa, comprenda resultados de an\u00e1lisis y establezca efectivas medidas de control, tambi\u00e9n en la limpieza y desinfecci\u00f3n. \u00a1Opine junto a los expertos!&nbsp;<\/p>\n\n\n\n<div style=\"height:20px\" aria-hidden=\"true\" class=\"wp-block-spacer\"><\/div>\n\n\n\n<h3 class=\"wp-block-heading\">2. Objetivos<\/h3>\n\n\n\n<p><strong>OBJETIVO GENERAL:<\/strong><\/p>\n\n\n\n<div class=\"wp-block-image\"><figure class=\"alignright\"><img data-recalc-dims=\"1\" loading=\"lazy\" decoding=\"async\" width=\"90\" height=\"100\" src=\"https:\/\/i0.wp.com\/trainingcamp.pro\/wpsite\/wp-content\/uploads\/2019\/08\/MB02.jpg?resize=90%2C100&#038;ssl=1\" alt=\"\" class=\"wp-image-980\"\/><\/figure><\/div>\n\n\n\n<p>El participante aprende los conceptos b\u00e1sicos de la microbiolog\u00eda de los pat\u00f3genos relacionados con los alimentos y comprende c\u00f3mo aplicarlos al an\u00e1lisis de peligros, as\u00ed como a los procesos de limpieza y desinfecci\u00f3n.<\/p>\n\n\n\n<p><strong>OBJETIVOS ESPEC\u00cdFICOS:<\/strong><\/p>\n\n\n\n<p>Objectivos espec\u00edficos &#8230;<\/p>\n\n\n\n<div style=\"height:20px\" aria-hidden=\"true\" class=\"wp-block-spacer\"><\/div>\n\n\n\n<h3 class=\"wp-block-heading\">3. Contenidos<\/h3>\n\n\n\n<p>Principales \/ Entre otros:&nbsp;<\/p>\n\n\n\n<ul class=\"wp-block-list\"><li>Peligros biol\u00f3gicos y su importancia. Errores comunes: microorganismos no significan necesariamente peligros. Pat\u00f3genos importantes en inocuidad de alimentos. Formadores de esporas, formadores de toxinas.<br><\/li><li>Hablar el mismo lenguaje con los expertos. Factores intr\u00ednsecos y extr\u00ednsecos. Tinci\u00f3n de Gram, organismos indicadores. Pat\u00f3genos, protozoos, par\u00e1sitos y virus. Resultados de an\u00e1lisis en Unidades Formadoras de Colonia, N\u00famero M\u00e1s Probable. Din\u00e1mica de poblaciones.<br><\/li><li>Pruebas de cultivo. Placas vs m\u00e9todos r\u00e1pidos. Placas listas: Petrifilm. Otros m\u00e9todos: serol\u00f3gicos, ELISA, PCR. Ventajas y desventajas. Luminometr\u00eda. Interpretaci\u00f3n de resultados.<br><\/li><li>Biota normal del cuerpo humano. Peligros por manipulaci\u00f3n. Alimentos procesados \u2013 no procesados. Listos para comer.<br><\/li><li>Peligros de origen en c\u00e1rnicos, aves, l\u00e1cteos y otros productos de origen animal. Peligros en pescado y mariscos. Peligros de origen en frutas y verduras.<\/li><\/ul>\n\n\n\n<div class=\"wp-block-image\"><figure class=\"alignleft\"><img data-recalc-dims=\"1\" loading=\"lazy\" decoding=\"async\" width=\"114\" height=\"181\" src=\"https:\/\/i0.wp.com\/trainingcamp.pro\/wpsite\/wp-content\/uploads\/2019\/08\/MB03.jpg?resize=114%2C181&#038;ssl=1\" alt=\"\" class=\"wp-image-981\"\/><\/figure><\/div>\n\n\n\n<ul class=\"wp-block-list\"><li>Peligros por limpieza deficiente. Biofilm. Vectores. Errores de dise\u00f1o. Condiciones que favorecen a los microorganismos. Gu\u00eda para un plan de limpieza y desinfecci\u00f3n.<br><\/li><li>M\u00e9todos de control de peligros biol\u00f3gicos. Desinfecci\u00f3n, pasteurizaci\u00f3n, esterilizaci\u00f3n. Filtraci\u00f3n, \u00f3smosis inversa, aplicaci\u00f3n UV. Supervivencia de microorganismos.<\/li><\/ul>\n\n\n\n<div style=\"height:20px\" aria-hidden=\"true\" class=\"wp-block-spacer\"><\/div>\n\n\n\n<h3 class=\"wp-block-heading\">4. Dirigido a<\/h3>\n\n\n\n<p>Este Training Camp es para empresas que quieren o que ya han implementado un de&nbsp;Sistemas de Gesti\u00f3n de la Energ\u00eda. Cumpliendo con los&nbsp;requisitos de la auditor\u00eda y de la competencia de los auditores, estas empresas buscan formar los auditores&nbsp;profesionales que pueden llevar a cabo la auditoria, cumplir con la norma y sobre todo agregar valor al sistema.<\/p>\n\n\n\n<p>El curso est\u00e1 dirigido a:<\/p>\n\n\n\n<ul class=\"wp-block-list\"><li>L\u00edderes y Supervisores de proceso, mandos medios encargados de limpieza, desinfecci\u00f3n, mantenimiento, desarrollo de productos&nbsp;<\/li><li>Integrantes del equipo de inocuidad<\/li><li>Analistas<\/li><li>Responsables de los sistemas de gesti\u00f3n de la inocuidad<\/li><\/ul>\n\n\n\n<p><strong>Nota: <\/strong><br><br>Es deseable que el participante conozca sobre buenas pr\u00e1cticas de manufactura, sistemas HACCP o sistemas superiores de gesti\u00f3n de la inocuidad de alimentos.&nbsp;<\/p>\n\n\n\n<div style=\"height:20px\" aria-hidden=\"true\" class=\"wp-block-spacer\"><\/div>\n\n\n\n<h3 class=\"wp-block-heading\">5. Adem\u00e1s \u2026<\/h3>\n\n\n\n<ul class=\"wp-block-list\"><li>Incluye material did\u00e1ctico y catering en el evento<\/li><li>Training Certificate<\/li><\/ul>\n\n\n\n<div style=\"height:20px\" aria-hidden=\"true\" class=\"wp-block-spacer\"><\/div>\n\n\n\n<h3 class=\"wp-block-heading\">6. Duraci\u00f3n<\/h3>\n\n\n\n<ul class=\"wp-block-list\"><li>6.1 Cerrada: Implementaci\u00f3n in-house en 1,5 d\u00edas \/ 12 horas<\/li><li>6.2 Abierta: Implementaci\u00f3n en nuestro sede de capacitaciones en 1,5 d\u00edas \/ 12 horas&nbsp;(incluye catering)<\/li><\/ul>\n\n\n\n<div style=\"height:20px\" aria-hidden=\"true\" class=\"wp-block-spacer\"><\/div>\n\n\n\n<h3 class=\"wp-block-heading\">Inscripci\u00f3n \/ Lugares y Fechas<\/h3>\n\n\n\n<ul class=\"wp-block-list\">\n<li>Presencial: En la <a href=\"https:\/\/tc4p.com\/wpsite\/agenda-presencial\/\" data-type=\"page\" data-id=\"134\"><strong><em>agenda<\/em><\/strong><\/a> se encuentran las fechas y lugares oficiales. El\u00a0<a rel=\"noreferrer noopener\" href=\"https:\/\/tc4p.com\/wpsite\/inscription.html\" target=\"_blank\"><strong><em>Formulario de Inscripci\u00f3n<\/em><\/strong><\/a>\u00a0le permite inscribirse en linea como participante en un curso presencial. <\/li>\n<\/ul>\n\n\n\n<p>Si este evento no aparece en ninguno de los dos paginas todav\u00eda no tiene fecha. Por favor comun\u00edquese con&nbsp;<a href=\"https:\/\/tc4p.com\/wpsite\/contacto\/\" data-type=\"page\" data-id=\"130\"><em><strong>nosotros<\/strong><\/em><\/a> para recibir m\u00e1s informaci\u00f3n, solicitar pedido especial o asistencia.<\/p>\n\n\n\n<p><strong><a href=\"https:\/\/tc4p.com\/wpsite\/agenda-presencial\/\" data-type=\"page\" data-id=\"134\"><em>Regresar a la Agenda<\/em><\/a><\/strong><\/p>\n","protected":false},"excerpt":{"rendered":"<p>&#8220;Si conoces al enemigo y a ti mismo, no debes temer el resultado de un ciento de batallas&#8221;&nbsp; Sun Tzu, El Arte de la Guerra Pre\u00e1mbulo: \u00bfRealmente sabe a qui\u00e9nes &#8230;<\/p>\n","protected":false},"author":1,"featured_media":0,"parent":0,"menu_order":0,"comment_status":"closed","ping_status":"closed","template":"","meta":{"nf_dc_page":"","sns_share_botton_hide":"","vkExUnit_sns_title":"","_vk_print_noindex":"","sitemap_hide":"","vkExUnit_sitemap":"","_veu_custom_css":"","veu_display_promotion_alert":"","_exclude_from_list_pages":"","vkexunit_cta_each_option":"","vkExUnit_childPageIndex":"","vkExUnit_pageList_ancestor":"","vkExUnit_contact_enable":"","footnotes":""},"class_list":["post-968","page","type-page","status-publish","hentry"],"veu_head_title_object":{"title":"","add_site_title":""},"jetpack_sharing_enabled":true,"_links":{"self":[{"href":"https:\/\/tc4p.com\/wpsite\/wp-json\/wp\/v2\/pages\/968","targetHints":{"allow":["GET"]}}],"collection":[{"href":"https:\/\/tc4p.com\/wpsite\/wp-json\/wp\/v2\/pages"}],"about":[{"href":"https:\/\/tc4p.com\/wpsite\/wp-json\/wp\/v2\/types\/page"}],"author":[{"embeddable":true,"href":"https:\/\/tc4p.com\/wpsite\/wp-json\/wp\/v2\/users\/1"}],"replies":[{"embeddable":true,"href":"https:\/\/tc4p.com\/wpsite\/wp-json\/wp\/v2\/comments?post=968"}],"version-history":[{"count":1,"href":"https:\/\/tc4p.com\/wpsite\/wp-json\/wp\/v2\/pages\/968\/revisions"}],"predecessor-version":[{"id":2417,"href":"https:\/\/tc4p.com\/wpsite\/wp-json\/wp\/v2\/pages\/968\/revisions\/2417"}],"wp:attachment":[{"href":"https:\/\/tc4p.com\/wpsite\/wp-json\/wp\/v2\/media?parent=968"}],"curies":[{"name":"wp","href":"https:\/\/api.w.org\/{rel}","templated":true}]}}